3
What is the highest common divisor of 39 and 348?
3
What is the greatest common divisor of 797173 and 424?
53
Calculate the greatest common factor of 153804 and 60.
12
Calculate the highest common divisor of 135 and 912465.
135
Calculate the greatest common factor of 261569 and 172.
43
Calculate the greatest common divisor of 7738454 and 214.
214
Calculate the highest common divisor of 296147 and 94.
47
Calculate the highest common factor of 306 and 116904.
6
What is the highest common factor of 18900 and 25788?
84
Calculate the greatest common factor of 14 and 81935.
7
What is the highest common divisor of 4760 and 48365?
85
What is the greatest common divisor of 12962373 and 501?
501
What is the greatest common factor of 7040 and 4544?
64
Calculate the highest common divisor of 840 and 30825.
15
What is the highest common divisor of 3714 and 1047?
3
What is the highest common factor of 12649 and 72419?
139
Calculate the greatest common divisor of 4661 and 236.
59
What is the highest common factor of 39 and 4537?
13
Calculate the greatest common factor of 4026 and 165.
33
Calculate the greatest common divisor of 12 and 7880.
4
Calculate the highest common factor of 30 and 197805.
15
Calculate the greatest common divisor of 2001 and 45540.
69
Calculate the highest common divisor of 3383 and 1095097.
199
Calculate the greatest common divisor of 1512 and 52528.
56
Calculate the highest common divisor of 60 and 3172300.
20
Calculate the highest common divisor of 80093 and 767.
13
Calculate the highest common divisor of 718775 and 125.
25
What is the greatest common factor of 325 and 2820155?
65
Calculate the greatest common factor of 78717 and 285.
57
Calculate the highest common divisor of 428 and 432922.
214
Calculate the greatest common divisor of 88 and 606232.
88
What is the greatest common divisor of 149016 and 420?
84
What is the highest common divisor of 5134 and 220158?
302
What is the highest common factor of 18 and 44097?
3
Calculate the highest common factor of 133 and 17213126.
133
What is the highest common divisor of 4087270 and 365?
365
Calculate the greatest common factor of 17135 and 28310.
745
Calculate the greatest common factor of 343746 and 2535.
507
Calculate the greatest common factor of 7 and 569947.
7
What is the highest common divisor of 14063 and 1016554?
2009
What is the greatest common factor of 245 and 8428?
49
What is the greatest common factor of 100420 and 40?
20
Calculate the greatest common factor of 76797 and 322.
161
What is the greatest common factor of 1757 and 91?
7
What is the greatest common factor of 421 and 129?
1
What is the greatest common divisor of 3122864 and 284?
284
Calculate the highest common factor of 585838 and 2577.
859
What is the greatest common divisor of 13202 and 62976?
82
Calculate the highest common factor of 76 and 4138751.
19
Calculate the highest common divisor of 105100 and 340.
20
What is the highest common factor of 6240 and 192?
96
Calculate the greatest common factor of 3477 and 7809.
57
Calculate the highest common divisor of 1 and 11441.
1
What is the highest common divisor of 830 and 671885?
415
Calculate the highest common factor of 18 and 728766.
18
What is the greatest common factor of 310 and 162595?
155
Calculate the greatest common divisor of 327 and 9990.
3
Calculate the greatest common divisor of 50 and 70.
10
Calculate the greatest common divisor of 72065 and 1595.
145
What is the highest common divisor of 8058 and 238?
34
What is the highest common divisor of 1368 and 576?
72
What is the greatest common divisor of 132350 and 9550?
50
Calculate the greatest common factor of 214931 and 3995.
799
Calculate the greatest common divisor of 3216 and 32227.
67
What is the highest common factor of 3645 and 85815?
45
Calculate the greatest common factor of 12 and 384.
12
What is the highest common factor of 3952 and 25612?
76
Calculate the highest common divisor of 18963 and 258.
129
Calculate the highest common divisor of 156478 and 98.
14
Calculate the greatest common factor of 29971 and 2907.
17
Calculate the greatest common factor of 441 and 17244.
9
What is the greatest common factor of 105 and 224805?
105
Calculate the highest common factor of 15 and 21385770.
15
What is the highest common factor of 9027 and 34068?
51
What is the greatest common divisor of 332869 and 1468?
367
What is the greatest common factor of 87381 and 190?
19
Calculate the greatest common factor of 100104 and 168.
24
What is the highest common factor of 2420 and 53845?
605
Calculate the highest common factor of 67637 and 956.
239
What is the greatest common factor of 5011976 and 184?
184
Calculate the greatest common divisor of 376606 and 2.
2
What is the highest common divisor of 8653 and 34?
17
What is the greatest common divisor of 5495 and 17?
1
Calculate the greatest common divisor of 22393 and 131616.
457
What is the greatest common factor of 395 and 6478?
79
Calculate the highest common divisor of 254 and 24638.
254
What is the highest common divisor of 26128 and 176?
16
Calculate the greatest common divisor of 1775 and 3408.
71
Calculate the greatest common divisor of 253 and 161506.
23
What is the highest common factor of 5673 and 279?
93
Calculate the highest common factor of 33712 and 17200.
688
Calculate the greatest common divisor of 4864 and 13568.
256
What is the greatest common divisor of 7182 and 86697?
513
What is the greatest common factor of 24156 and 50688?
396
Calculate the greatest common factor of 735735 and 686.
343
What is the highest common factor of 800 and 96?
32
What is the highest common divisor of 1989 and 323?
17
Calculate the highest common divisor of 864 and 67188.
12
Calculate the greatest common factor of 2 and 22600.
2
Calculate the greatest common factor of 6220 and 20.
20
What is the greatest common factor of 87435 and 232?
29
What is the greatest common divisor of 4302 and 15?
3
Calculate the greatest common factor of 12 and 73050.
6
What is the greatest common divisor of 1078 and 20664?
14
Calculate the highest common factor of 180 and 252760.
20
What is the greatest common divisor of 478093 and 343?
49
What is the highest common divisor of 300 and 292?
4
Calculate the greatest common divisor of 2605 and 50537.
521
What is the highest common divisor of 20230 and 2240?
70
Calculate the highest common divisor of 12400 and 31248.
496
Calculate the highest common factor of 4215 and 4755.
15
What is the greatest common factor of 17685 and 90?
45
What is the greatest common factor of 43859 and 5752?
719
What is the highest common factor of 752 and 18424?
376
Calculate the greatest common divisor of 237 and 40211.
79
What is the highest common factor of 6332 and 28?
4
What is the highest common factor of 637 and 29449?
49
Calculate the highest common divisor of 69108 and 468.
156
Calculate the greatest common factor of 97378 and 1086.
362
Calculate the greatest common factor of 1644 and 576.
12
What is the highest common factor of 1730 and 230?
10
Calculate the greatest common divisor of 434 and 24696.
14
Calculate the greatest common divisor of 4803 and 273.
3
Calculate the greatest common factor of 16027 and 30008.
341
Calculate the highest common divisor of 216 and 6122520.
216
Calculate the greatest common divisor of 3289 and 99.
11
Calculate the greatest common divisor of 8552025 and 191.
191
What is the highest common divisor of 484 and 361306?
242
What is the highest common factor of 1359552 and 960?
192
What is the highest common factor of 365054 and 4886?
698
Calculate the highest common factor of 28227 and 48015.
291
Calculate the greatest common divisor of 1375 and 27731.
11
Calculate the highest common divisor of 336336 and 147.
147
What is the greatest common factor of 187331 and 2?
1
What is the highest common factor of 4372 and 14?
2
Calculate the greatest common divisor of 75 and 156925.
25
Calculate the highest common factor of 42090 and 66930.
690
What is the greatest common factor of 202241 and 331?
331
What is the highest common divisor of 126 and 3960?
18
Calculate the highest common factor of 2666 and 15562.
62
Calculate the highest common factor of 12 and 194796.
12
Calculate the greatest common divisor of 324 and 30834.
54
What i